47 + -1?
38811446
In base 13, what is -1c6b + -115b?
-30c9
In base 5, what is 133214 + -22321?
110343
In base 14, what is b + 120750bb?
120750c8
In base 13, what is -12a - 193b00?
-193c2a
In base 2, what is 10011101110111 + -11011010000?
10000010100111
In base 2, what is -1 - 1010010101011111010100?
-1010010101011111010101
In base 2, what is -110110101101110110010101101 + -10?
-110110101101110110010101111
In base 6, what is -2404121 - -111?
-2404010
In base 7, what is -3 + -64011420?
-64011423
In base 13, what is -6 - -bb6602?
bb65c9
In base 11, what is -135 - -1030a1?
102a67
In base 8, what is 1331123662 - 4?
1331123656
In base 3, what is 11 - -20000112211001?
20000112211012
In base 9, what is 15882562 + 13?
15882575
In base 16, what is -acb55 + 9f?
-acab6
In base 13, what is -b + -86c8b1a?
-86c8b28
In base 10, what is -4 - 252288?
-252292
In base 13, what is -2 - 1a7216?
-1a7218
In base 12, what is 5 - -180958b4?
180958b9
In base 2, what is -101 - 1101110100111100011101011?
-1101110100111100011110000
In base 7, what is -1063153 - -11?
-1063142
In base 2, what is -1000001010000100001 - 1111000010?
-1000001011111100011
In base 7, what is -3050 + -46343?
-52423
In base 3, what is 22010101221010 - 100?
22010101220210
In base 15, what is -4 - -340b99?
340b95
In base 5, what is 112221214 + 12?
112221231
In base 13, what is 0 + -520640?
-520640
In base 7, what is -35330205 - 5?
-35330213
In base 9, what is -174 + 23850?
23665
In base 4, what is -13323011032 - 0?
-13323011032
In base 12, what is -155255112 - 3?
-155255115
In base 14, what is -3d41 + -9206?
-d147
In base 12, what is 227593b - -a?
2275949
In base 2, what is 1100101100 - 111011101011000000?
-111011011110010100
In base 13, what is -496 - 17286?
-1774c
In base 7, what is 46131 - 65225?
-16064
In base 10, what is 29 + -5590098?
-5590069
In base 15, what is -2972a + 48?
-296d2
In base 8, what is -2 - 102762672?
-102762674
In base 3, what is -2020102 - 111001?
-2201110
In base 3, what is -120122200022122 - 11?
-120122200022210
In base 15, what is -d8c - -14d28?
13e8b
In base 2, what is 101 + -111011111111010101000?
-111011111111010100011
In base 11, what is -6 - 10029093?
-10029099
In base 6, what is -13 - -2320054553?
2320054540
In base 7, what is 0 - 144625541?
-144625541
In base 15, what is 832d - 17?
8316
In base 9, what is 3 + 3254334?
3254337
In base 14, what is -55 - ba52?
-baa7
In base 9, what is 51637 - -110?
51747
In base 16, what is 0 - 1ff50d?
-1ff50d
In base 15, what is 3a16b93 + -d?
3a16b85
In base 7, what is 1426025 - 2503?
1423222
In base 7, what is 2 - 114641663?
-114641661
In base 16, what is 13 - cdd?
-cca
In base 5, what is 210300331 - 11?
210300320
In base 4, what is -33 + -22130333001?
-22130333100
In base 4, what is -133230023 - 3003?
-133233032
In base 13, what is 4 + 4115aa21?
4115aa25
In base 6, what is -2203022132 + 3?
-2203022125
In base 8, what is 2302 - 51272?
-46770
In base 6, what is 111520 - -120442?
232402
In base 11, what is 26219 + -9094?
18135
In base 6, what is -415435 - -142000?
-233435
In base 11, what is -110 + 246a18?
246908
In base 8, what is -144335 - -57?
-144256
In base 2, what is 101001110 - -101011111110001100?
101100000011011010
In base 11, what is -6188 + 25009?
19931
In base 4, what is 10 - 1011111122112?
-1011111122102
In base 8, what is -5 - 13174664?
-13174671
In base 11, what is -1974a3 - -a?
-197494
In base 8, what is 51310 + 33433?
104743
In base 5, what is -13123 - 11131?
-24304
In base 5, what is 23240141132 - 23?
23240141104
In base 13, what is -218 + -2a8?
-4c3
In base 14, what is 3 - a802c?
-a8029
In base 5, what is -1124 - 104243341?
-104300020
In base 8, what is -4 - 51523713?
-51523717
In base 10, what is 243 + 89286?
89529
In base 6, what is -12 - -50425103?
50425051
In base 7, what is 4 + -22646512?
-22646505
In base 6, what is 14502 - 215?
14243
In base 9, what is -1833312 + -4?
-1833316
In base 10, what is -63458 - -183?
-63275
In base 3, what is 120202110 + -2110112210?
-1212210100
In base 12, what is -1a75 - -163a5?
14530
In base 16, what is 9b5 - -ec1?
1876
In base 14, what is -a9 + 6541?
6476
In base 11, what is -4 + -6576a47?
-6576a50
In base 9, what is 113 - 135825?
-135712
In base 10, what is -32552 - 2120?
-34672
In base 3, what is 112122122120122 - 11?
112122122120111
In base 8, what is 6 + 473345?
473353
In base 14, what is -34b739d8 + -2?
-34b739da
In base 3, what is -201212001 - 2121111002?
-10100100010
In base 10, what is -4 + 26201121?
26201117
In base 5, what is -210 - 2413114?
-2413324
In base 8, what is 471552 - 4?
471546
In base 3, what is -1000210220110111 - 10?
-1000210220110121
In base 6, what is 31 + 4001530332?
4001530403
In base 8, what is 541375 - 777?
540376
In base 8, what is 21254 - -23?
21277
In base 14, what is 6c - -75d1?
765d
In base 14, what is -15 + -300193?
-3001a8
In base 6, what is 40 + 1051104?
1051144
In base 16, what is -77885 - -8b?
-777fa
In base 14, what is -35 + -2355c20?
-2355c55
In base 6, what is 31022 - 2451?
24131
In base 6, what is 111 + 25554452?
25555003
In base 6, what is 55 + -540023?
-535524
In base 7, what is -4 + 3402162131?
3402162124
In base 3, what is 1112 - 1110021001120?
-1110021000001
In base 11, what is -21450 + -18a8?
-23248
In base 9, what is -6 - -1000185?
1000178
In base 16, what is -36 - -5b3655?
5b361f
In base 10, what is -5 + 3498589?
3498584
In base 16, what is 8bbc4 - -4?
8bbc8
In base 11, what is 2 - -1477383?
1477385
In base 8, what is 757607 + 247?
760056
In base 6, what is 113540254 + -41?
113540213
In base 8, what is 0 - 121715705?
-121715705
In base 3, what is 10112220221101111 - 1?
10112220221101110
In base 4, what is 10 + 102330012220?
102330012230
In base 12, what is 21476 + 1336a?
34824
In base 8, what is -14 + -775553?
-775567
In base 7, what is -3 - 2302203135?
-2302203141
In base 9, what is -34 - 6201231?
-6201265
In base 8, what is -1 + 116476527?
116476526
In base 4, what is -21132 + -320111033?
-320132231
In base 7, what is 121 - 31165532?
-31165411
In base 6, what is -125 - 45501110?
-45501235
In base 4, what is -1330203 - 212233?
-2203102
In base 3, what is 21112111012011 - 2200?
21112111002111
In base 15, what is 18 - 75209?
-751e1
In base 11, what is -1413 + -5348?
-6760
In base 14, what is -a4581a2 + -3?
-a4581a5
In base 7, what is -63501220 + 0?
-63501220
In base 13, what is 111936 + -21?
111915
In base 7, what is 526521 + 460?
530311
In base 4, what is 1 - 103010330033?
-103010330032
In base 13, what is 2091 - -35ca4?
38065
In base 10, what is -1137518 - 20?
-1137538
In base 15, what is 56cb5 + 1?
56cb6
In base 11, what is -5 + -68768a4?
-68768a9
In base 9, what is -6 + -148628775?
-148628782
In base 4, what is 10 + -311223001301?
-311223001231
In base 9, what is -1487356 + 702?
-1486554
In base 2, what is 100 + -101101010101001110100100?
-101101010101001110100000
In base 7, what is -5 + -254225311?
-254225316
In base 7, what is 3 - -1101446004?
1101446010
In base 13, what is -363202 + -2?
-363204
In base 5, what is 144 - 224421344?
-224421200
In base 6, what is 544141444 + 124?
544142012
In base 15, what is 11 - -10865a?
10866b
In base 14, what is 89 - -5d801b?
5d80a6
In base 6, what is -21104102 - -1551?
-21102111
In base 10, what is 383 - 249541?
-249158
In base 4, what is 3302132121232 + 2?
3302132121300
In base 2, what is 110111100000 + -1010010001000?
-11010101000
In base 11, what is -3 + 2027196?
2027193
In base 2, what is 110001110110000100100 + 110010?
110001110110001010110
In base 6, what is 43445 + 10002?
53451
In base 9, what is -1 - -53315147?
53315146
In base 11, what is -a7 - -13303a?
132a43
In base 14, what is 4 - 144944?
-144940
In base 14, what is b7 + 2b124?
2b1db
In base 7, what is 4545640165 + 4?
4545640202
In base 10, what is -247036 + 779?
-246257
In base 6, what is 11 - -412032254?
412032305
In base 2, what is 1101111001011101000001000011 + -11?
1101111001011101000001000000
In base 4, what is -23110123002201 + 0?
-23110123002201
In base 8, what is 2757207 + 465?
2757674
In base 7, what is -2303300 + -34?
-2303334
In base 3, what is -212122002202010 - 121?
-212122002202201
In base 14, what is 139c0d + 11?
139c20
In base 15, what is 1c6405 - 13?
1c63e2
In base 16, what is 2 + -3540e4a?
-3540e48
In base